 k be -3 - 77/(-22) - 1/(4/102). Let n(m) = 9*m + 233. Calculate n(k).
8
Let l(m) = -13*m**3 - 13*m**2 - 12*m + 8. Let h(p) = -8*p**3 - 7*p**2 - 7*p + 4. Let r(n) = -5*h(n) + 3*l(n). Give r(4).
0
Let h = -4 + 0. Let l(u) = 2*u - 22. Let g(x) = -x + 10. Let n(z) = -7*g(z) - 3*l(z). Determine n(h).
-8
Let k = 30 - -24. Suppose 12*q - k = 6*q. Suppose -q*c + 3 = -6*c. Let l(w) = 21*w - 1. Give l(c).
20
Let q(l) = 173*l + 9. Let m(k) = 130*k + 9. Let v(g) = 4*m(g) - 3*q(g). Let j(z) = -z**3 - 7*z**2 - 6*z - 4. Let i be j(-6). What is v(i)?
5
Let m be (50 - 118)/(1/3). Let v = m - -204. Let u(q) = 0 - 2 + q - 3. Give u(v).
-5
Suppose -6*n = -n + 15. Let j = n + 4. Let y(s) be the third derivative of -3*s**4/4 + s**3/6 - 15388*s**2 - s + 1. What is y(j)?
-17
Suppose 10*g - 6*g = 5*s - 11, 2*g + 7 = s. Let z(u) = 3*u**2 + 0*u**2 + 2*u**2 + 3*u**2 + u. Calculate z(s).
7
Let p be (18/(-27))/((-2)/3). Let o(w) be the second derivative of 1/6*w**3 + 0 + 0*w**2 - 9*w + 0*w**4 + 1/4*w**5. Calculate o(p).
6
Let a(k) = 15*k. Let u(v) be the second derivative of -23*v**3/6 + 3*v. Let m(j) = -8*a(j) - 5*u(j). Let i = 9 + -8. What is m(i)?
-5
Let u(g) be the first derivative of -g**3/3 - 5*g**2/2 - 6*g - 2. Let x = -23 - -28. Suppose -6*h + 2*h + 4*b - 4 = 0, x = h - 3*b. Calculate u(h).
-2
Let o = 35 - 32. Let p(j) be the second derivative of j**4/12 + j**3/6 + 2*j**2 - 3*j. Let w(y) = 2*y**2 + y + 4. Let n(a) = -3*p(a) + 2*w(a). Determine n(o).
2
Suppose z = -z - 10, -2*b - 2*z = -136. Let n = b - 65. Let y(m) = -n - 3*m**2 + 3*m - 2*m + 11. What is y(3)?
-21
Let i(q) be the first derivative of -5/2*q**4 - 1/2*q**2 + 0*q - 47 - 2/3*q**3. Determine i(-1).
9
Suppose 0 = 4*q + 13 - 1. Let h(x) = -19*x + 2*x**3 + 6*x - 5*x**2 + 11*x + 3 - 3*x**3. Give h(q).
-9
Let y(i) be the second derivative of 0 - 6*i**2 + 51*i + 1/6*i**3 + 1/20*i**5 - 13/12*i**4. Determine y(13).
1
Let v(w) = 2*w**2 - w**3 - 2 + 0*w**3 + 2*w**3 - 5*w. Let o(k) = 5*k - 221. Let z be o(46). Suppose 30 = -z*c - 6. Calculate v(c).
-14
Let c = -152 - -160. Suppose -f = 0, 5*f - 8*f = -4*x + c. Suppose 3*n - 3 = x*n - 3*s, -n - 2*s = -1. Let r(t) = -t**3 - 2*t**2 + 5*t + 3. What is r(n)?
-3
Let q(g) = -g - 4. Let i(k) = -38*k**2 - 43*k**2 + 25*k + 119*k**2 - 39*k**2 - 27 - 50. Let w be i(3). What is q(w)?
7
Let o(n) = -n**3 + 5*n**2 + 4*n + 2. Let s = -14 - 3. Let f = 25 + s. Suppose -2*r = -4*r - 2*k + 20, 4*k = 4*r - f. What is o(r)?
-10
Suppose -296*z + 284*z = -12. Let h(t) be the first derivative of t**6/180 - t**5/120 + t**3/3 + 5. Let d(m) be the third derivative of h(m). Determine d(z).
1
Let d(j) be the third derivative of j**6/120 - j**5/30 + 11*j**4/12 - 31*j**3/3 + 9411*j**2. Determine d(3).
13
Let p(v) be the second derivative of v**4/6 - 2*v**3 + 7*v**2 + 2089*v. What is p(7)?
28
Let w(c) = 4142*c + 33 + 4156*c - 8290*c. Determine w(-11).
-55
Let a(p) = 60*p + 203. Let q(y) = -23*y - 81. Let f(c) = 5*a(c) + 13*q(c). Calculate f(-18).
-56
Let g(r) = -3*r + 3. Let y(a) = 144*a + 130. Let x(b) = -g(b) - y(b). Calculate x(-1).
8
Let q = 48 - 54. Let i(z) = -7*z**2 + 17*z + 7. Let n(b) = 20*b**2 - 50*b - 20. Let c(r) = q*n(r) - 17*i(r). Calculate c(12).
-11
Let t(v) = -v**3 + 2*v - 2. Let u = 17 - 11. Let k(c) = -25 - 62*c**3 - 5*c**2 + 63*c**3 - 3*c**2 + 0*c**2 - u*c. Let p be k(9). Calculate t(p).
-6
Suppose -101 = -2*l + 91. Let r(b) = -48*b**2 - 54*b**2 + 8 + b**3 - 7*b + l*b**2. Suppose g + 29 = 4*x - 0*x, 0 = -2*x - 4*g + 10. Give r(x).
8
Suppose 4*r + 37 = -7. Let t(a) = a**2 + 13*a + 30. Let y be t(r). Let c(u) = 12 - 13*u - 13*u + 22*u. Calculate c(y).
-20
Let b(n) be the third derivative of 0*n + 0 - 112*n**2 + 1/60*n**5 - 2/3*n**3 - 1/24*n**4. What is b(0)?
-4
Let c(b) be the first derivative of 3*b**2/2 - 62*b + 685. What is c(21)?
1
Let m(q) be the second derivative of q**4/6 - 34*q - 69. Let z = -4 + 3. Give m(z).
2
Suppose q - m = 5, 3*q + 4*m + 4 = -2. Let g(f) = -3*f**2 + 6*f - 9. Let r(c) = -4*c**2 + 5*c - 9. Let x(t) = q*r(t) - 3*g(t). Determine x(4).
-7
Let i be (-39)/9 - 2/3. Let j = 1882 + -1880. Let l(z) = z**2 - 8*z - 5. Let q(d) = 3*d**2 - 17*d - 11. Let r(x) = i*l(x) + j*q(x). Calculate r(-4).
-5
Let w(q) = 7*q. Suppose 5*o = -p - 21, 4*p - 31 = -2*o + 5*o. Let r be 1/(-2)*(p - (-3 - -5)). Give w(r).
-7
Let g be (1006 - 1005)/(((-3)/4)/(9/(-6))). Let a(y) = 5*y**2 - y - 3. Determine a(g).
15
Suppose 5*n + 2*i = n + 40, -n + 16 = -i. Suppose 12 = -4*j - n. Let a(p) = -12 + 59*p - 2 + 50*p - 110*p. Calculate a(j).
-8
Suppose -2*m + 2 = 0, 5*m + 1 = b + 3. Let v(j) = 7*j**2 - 7 - 11*j + 16*j**b - 34*j**3 + 19*j**3. Determine v(-8).
17
Let i = 22173 - 22189. Let t(q) = q**3 + 16*q**2 + q + 2. Determine t(i).
-14
Let f(n) be the third derivative of 1/8*n**4 + 2*n + 0 - 32*n**2 + n**3. Give f(-9).
-21
Let t(g) = 47*g**3 + 50*g**3 + 2*g**2 + 11 + 51*g**3 - 198*g**3 - 4*g + 51*g**3. Determine t(3).
44
Let x(c) = c**2 - c - 1. Let p(a) = -4*a**2 + 5*a + 8. Let b be 1*(34/(-68))/((-2)/(-4)). Let z(d) = b*p(d) - 5*x(d). Let u be (-4)/(-2) + -1 - 1. What is z(u)?
-3
Let z(c) = -11*c**3 + 14*c**2 + 2*c - 14. Let d(r) = -4*r**3 - r**2 + r + 3. Let q(s) = 3*d(s) - z(s). Determine q(-17).
6
Let i = 541 - 541. Let l(v) be the first derivative of v**3/3 - 5*v + 6. What is l(i)?
-5
Let h(w) = -w**2 + w + 4. Let q(f) = 137*f - 418. Let t be q(5). Let k = t + -270. Determine h(k).
-8
Let t(v) = v**3 - 8*v**2 + 8*v - 7. Suppose -20 = -3*d - 4*y, -22*y = 5*d - 17*y - 30. Let g be 21/(2 - (-4)/d). What is t(g)?
0
Suppose 3*q - g - 5 - 5 = 0, 0 = q + g - 2. Let m(p) = 8*p**2 + 5 + q - 9*p - p**3 - 2. Let b = 5 - -2. Give m(b).
-8
Let g(m) = 19*m - 10 - 10 - 16 - 2*m**2. Calculate g(7).
-1
Suppose 0*x = 5*x - 2*n - 248, 4*x - 184 = -2*n. Suppose j + 4*d - 6 = 0, -2*j + 3*d + d + x = 0. Let i be (-7)/63 + (-124)/j. Let l(q) = q + 8. Determine l(i).
1
Let r(o) = 1403*o - 2858*o + 6 + 1412*o. What is r(3)?
-123
Suppose 0 = -3*b - 4 + 10. Let d(p) = -p**3 - 2*p**2 + 5*p. Let y(u) = -u**3 - 3*u**2 + 6*u + 1. Let a(o) = 3*d(o) - 2*y(o). Give a(b).
-4
Let h(n) = 30 - 25898*n + 0 + 25900*n. Let q be (1*-2)/((-2)/(-15)). Let l be h(q). Let s(r) = r - 18. Give s(l).
-18
Let o = -3 - -7. Suppose o*z - 12 = 4*r - 0*r, 0 = -2*r + 3*z - 9. Let w(t) be the first derivative of -t**2/2 - 10*t + 17298. Give w(r).
-10
Let n(z) = z - 1. Let t(a) = a + 8. Let i(v) = -3*n(v) - t(v). Let f be i(-2). Suppose 2*k - f = 3. Let h(g) = -g**3 + 3*g**2 - 2*g + 3. Determine h(k).
-3
Let g(z) = 9*z**2 + 1 - z**3 - 5*z - 13*z**2 + 6*z. Let u(d) = -d**3 + d**2 + 4. Let j be u(0). Suppose 0*r = j*r + 16. What is g(r)?
-3
Let w = -9 - -5. Let v(o) = -10*o**3 - 19*o**2 + 2*o + 16. Let j(l) = -8 - l + 21*l**2 - 3 - 8*l**2 + 7*l**3. Let x(u) = 7*j(u) + 5*v(u). What is x(w)?
-9
Let j(f) = -82*f**3 + 2*f**2 + f + 1. Suppose 104*b - 38 = 107*b + 5*y, -36 = b + 5*y. Calculate j(b).
84
Let x be (-2 - 0/3) + 4. Let v(q) = q**3 + 7*q**2 + q + 20. Let f be v(-7). Let p(s) = -s + 8*s - f*s - s**x. What is p(-7)?
-7
Let h(y) = -8*y**2 + 206*y + 39. Let b be h(26). Let w(m) = m**2 + 10*m - 29. Give w(b).
10
Let k(f) = -4*f - 2. Suppose 138 = -2*i + 8. Let m be ((-39)/i)/((-2)/(-10)). Let g be m*(-2)/3 + 7. Calculate k(g).
-22
Suppose 4*b + b = 55. Let h(t) = 7*t - b - 6*t - 3 - 4. Determine h(10).
-8
Let n(j) = -j**3 - 6*j**2 - 6*j - 6. Suppose 68*a - z = 69*a + 7, 5*a + 17 = z. Give n(a).
-14
Let n = -109 + 109. Let c(p) = 5*p**2 + 12*p + 22. Let k(v) = -2*v**2 - 4*v - 7. Let l(y) = -3*c(y) - 8*k(y). Let u be l(n). Let z(f) = -f - 8. Calculate z(u).
2
Let v(u) = -u**3 + 40*u**2 + 42*u - 40. Let h be v(41). Let i(w) = -h - 1 - 5*w**2 + 4*w**2 + 12*w - 5*w - 2. Suppose 0 = 4*k - 16. Give i(k).
8
Let v(q) be the first derivative of 5*q**4/4 - 2*q**3/3 + 2*q**2 - 7*q + 8510. Calculate v(2).
33
Let l = 11 - 15. Let y(g) = g + 4. Let c(m) = -4*m + 4. Let i(z) = z. Let o(q) = -c(q) - 5*i(q). Let a(t) = -7*o(t) - 6*y(t). What is a(l)?
0
Let v(j) = -j + 4. Suppose -7*b + 95 = 4. Suppose 0 = b*r - 15*r + 6. Determine v(r).
1
Suppose -5 = 5*c + 5, -c = -2*j + 8. Suppose 1 = q + j. Let o(i) = -28*i**2 + 13*i - 19. Let v(l) = 33*l**2 - 15*l + 22. Let f(h) = 7*o(h) + 6*v(h). Give f(q).
5
Let k(w) be the first derivative of -w**6/360 - w**5/30 + 5